{"id":149,"date":"2024-11-08T21:38:55","date_gmt":"2024-11-08T21:38:55","guid":{"rendered":"https:\/\/floridainvestments.com\/faenaresidences\/?page_id=149"},"modified":"2025-01-13T14:19:32","modified_gmt":"2025-01-13T14:19:32","slug":"por-que-invertir-con-nosotros","status":"publish","type":"page","link":"https:\/\/floridainvestments.com\/faenaresidences\/por-que-invertir-con-nosotros\/","title":{"rendered":"\u00bfPor qu\u00e9 invertir con nosotros?"},"content":{"rendered":"<p>[et_pb_section fb_built=\u00bb1&#8243; _builder_version=\u00bb4.27.2&#8243; _module_preset=\u00bbdefault\u00bb use_background_color_gradient=\u00bbon\u00bb background_color_gradient_stops=\u00bbrgba(0,0,0,0.19) 0%|rgba(0,0,0,0.47) 100%\u00bb background_color_gradient_overlays_image=\u00bbon\u00bb background_image=\u00bbhttps:\/\/floridainvestments.com\/faenaresidences\/wp-content\/uploads\/2024\/11\/fondo3.jpg\u00bb height=\u00bb20vh\u00bb global_colors_info=\u00bb{}\u00bb][et_pb_row _builder_version=\u00bb4.27.2&#8243; _module_preset=\u00bbdefault\u00bb custom_padding=\u00bb4%||||false|false\u00bb global_colors_info=\u00bb{}\u00bb][et_pb_column type=\u00bb4_4&#8243; _builder_version=\u00bb4.27.2&#8243; _module_preset=\u00bbdefault\u00bb global_colors_info=\u00bb{}\u00bb][et_pb_text _builder_version=\u00bb4.27.2&#8243; _module_preset=\u00bbdefault\u00bb header_text_align=\u00bbcenter\u00bb header_text_color=\u00bb#FFFFFF\u00bb header_font_size=\u00bb43px\u00bb custom_margin=\u00bb||8px||false|false\u00bb animation_style=\u00bbfade\u00bb header_font_size_tablet=\u00bb43px\u00bb header_font_size_phone=\u00bb35px\u00bb header_font_size_last_edited=\u00bbon|phone\u00bb global_colors_info=\u00bb{}\u00bb]<\/p>\n<h1>\u00bfPor qu\u00e9 invertir con nosotros?<\/h1>\n<p>[\/et_pb_text][et_pb_button button_url=\u00bb@ET-DC@eyJkeW5hbWljIjp0cnVlLCJjb250ZW50IjoicG9zdF9saW5rX3VybF9wYWdlIiwic2V0dGluZ3MiOnsicG9zdF9pZCI6IjEzMyJ9fQ==@\u00bb button_text=\u00bbVolver\u00bb button_alignment=\u00bbcenter\u00bb _builder_version=\u00bb4.27.2&#8243; _dynamic_attributes=\u00bbbutton_url\u00bb _module_preset=\u00bbdefault\u00bb custom_button=\u00bbon\u00bb button_text_color=\u00bb#FFFFFF\u00bb button_icon=\u00bb&#x40;||divi||400&#8243; button_icon_placement=\u00bbleft\u00bb background_layout=\u00bbdark\u00bb global_colors_info=\u00bb{}\u00bb][\/et_pb_button][\/et_pb_column][\/et_pb_row][\/et_pb_section][et_pb_section fb_built=\u00bb1&#8243; _builder_version=\u00bb4.27.2&#8243; _module_preset=\u00bbdefault\u00bb custom_padding=\u00bb10px||10px||false|false\u00bb global_colors_info=\u00bb{}\u00bb][et_pb_row column_structure=\u00bb3_5,2_5&#8243; disabled_on=\u00bbon|off|off\u00bb _builder_version=\u00bb4.27.2&#8243; _module_preset=\u00bbdefault\u00bb width=\u00bb100%\u00bb max_width=\u00bb1250px\u00bb custom_padding=\u00bb0px||0px||false|false\u00bb global_colors_info=\u00bb{}\u00bb][et_pb_column type=\u00bb3_5&#8243; _builder_version=\u00bb4.27.2&#8243; _module_preset=\u00bbdefault\u00bb global_colors_info=\u00bb{}\u00bb][et_pb_text _builder_version=\u00bb4.27.4&#8243; _module_preset=\u00bbdefault\u00bb text_font_size=\u00bb15px\u00bb header_4_font=\u00bb||on||||||\u00bb header_4_font_size=\u00bb17px\u00bb header_5_text_color=\u00bbrgba(68,68,68,0.68)\u00bb header_5_font_size=\u00bb17px\u00bb text_orientation=\u00bbjustified\u00bb custom_margin=\u00bb30px||||false|false\u00bb hover_enabled=\u00bb0&#8243; global_colors_info=\u00bb{}\u00bb sticky_enabled=\u00bb0&#8243;]<\/p>\n<h4>Recibir\u00e1 incentivos exclusivos, por el solo hecho de asistir al evento.<\/h4>\n<ul>\n<li>Invitaci\u00f3n a la cena de gala de la inauguraci\u00f3n del proyecto (exclusivo para nuestros clientes)<\/li>\n<li>Una cena en el hotel Faena de Miami, disponible al d\u00eda siguiente de firmar el contrato de compra.<\/li>\n<li>Hemos separado &amp; elegido las mejores unidades para nuestros clientes.<\/li>\n<li>Podr\u00e1 invertir en lista de precios de familiares &amp; amigos. Lista de precios \u201ccero\u201d<\/li>\n<li>Los primeros 10 inversores en reservar una unidad el d\u00eda del evento, recibir\u00e1 un cr\u00e9dito de US4000.00 para cubrir el costo de su pasaje, el d\u00eda que le entreguemos su unidad.<\/li>\n<\/ul>\n<p><em><strong>Todos estos incentivos son exclusivamente para el d\u00eda del evento, y para clientes de nuestra empresa.<\/strong><\/em><\/p>\n<p>En resumen, usted podr\u00e1 comprobar que en <strong>Rutois International Realty<\/strong>, no se trabaja motivados por una comisi\u00f3n. Aspiramos a que nos elija como su <strong>compa\u00f1\u00eda de inversiones de confianza para usted y las generaciones del futuro.<\/strong><\/p>\n<h4>Permita que lo representemos en una primera inversi\u00f3n, los resultados hablar\u00e1n por s\u00ed solos.<\/h4>\n<p><strong>Para obtener m\u00e1s informaci\u00f3n, puede comunicarse YA mismo directamente con el <a href=\"https:\/\/walink.co\/ada25f\">Sr. Rutois aqu\u00ed.<\/a><\/strong><\/p>\n<p>&nbsp;<\/p>\n<h5 style=\"text-align: center;\"><em>\u00a1Nadie podr\u00e1 ofrecerle un mejor \u201cprecio\u201d, \u00abservicio\u00bb o \u00abincentivos\u00bb!<\/em><\/h5>\n<h4><\/h4>\n<h4>Asientos limitados, los primeros 40 registrados recibir\u00e1n la entrada sin cargo. Luego el costo ser\u00e1 US$40 por persona, mientras quede disponibilidad.<\/h4>\n<p>[\/et_pb_text][et_pb_button button_url=\u00bbhttps:\/\/walink.co\/ada25f\u00bb button_text=\u00bbRegistrese Ahora\u00bb button_alignment=\u00bbcenter\u00bb _builder_version=\u00bb4.27.4&#8243; _module_preset=\u00bbdefault\u00bb custom_button=\u00bbon\u00bb button_text_color=\u00bb#C2332E\u00bb button_icon=\u00bb&#xf232;||fa||400&#8243; button_icon_placement=\u00bbleft\u00bb button_on_hover=\u00bboff\u00bb global_colors_info=\u00bb{}\u00bb][\/et_pb_button][et_pb_text _builder_version=\u00bb4.27.4&#8243; _module_preset=\u00bbdefault\u00bb hover_enabled=\u00bb0&#8243; global_colors_info=\u00bb{}\u00bb sticky_enabled=\u00bb0&#8243;]<\/p>\n<p>Presentaciones privadas en su oficina o casa disponible. M\u00ednimo 10 inversores.<br \/>Consultas: <a href=\"mailto:info@rutois.com\">info@rutois.com<\/a> o v\u00eda WhatsApp al <a href=\"https:\/\/walink.co\/ada25f\">1.954.445.0593<\/a><\/p>\n<p>[\/et_pb_text][\/et_pb_column][et_pb_column type=\u00bb2_5&#8243; _builder_version=\u00bb4.27.2&#8243; _module_preset=\u00bbdefault\u00bb global_colors_info=\u00bb{}\u00bb][et_pb_image src=\u00bbhttps:\/\/floridainvestments.com\/faenaresidences\/wp-content\/uploads\/2024\/11\/edificio.jpg\u00bb title_text=\u00bbedificio\u00bb align=\u00bbcenter\u00bb force_fullwidth=\u00bbon\u00bb _builder_version=\u00bb4.27.2&#8243; _module_preset=\u00bbdefault\u00bb custom_padding=\u00bb31px||||false|false\u00bb animation_style=\u00bbslide\u00bb animation_direction=\u00bbright\u00bb global_colors_info=\u00bb{}\u00bb][\/et_pb_image][\/et_pb_column][\/et_pb_row][\/et_pb_section][et_pb_section fb_built=\u00bb1&#8243; _builder_version=\u00bb4.27.2&#8243; _module_preset=\u00bbdefault\u00bb background_color=\u00bbrgba(0,0,0,0.8)\u00bb use_background_color_gradient=\u00bbon\u00bb background_color_gradient_stops=\u00bbrgba(0,0,0,0.65) 0%|rgba(0,0,0,0.85) 100%\u00bb background_color_gradient_overlays_image=\u00bbon\u00bb background_image=\u00bbhttps:\/\/floridainvestments.com\/faenaresidences\/wp-content\/uploads\/2024\/11\/d60846_2221e6aed3ec4a24821e850ee036bdedmv2.webp\u00bb parallax=\u00bbon\u00bb background_blend=\u00bbmultiply\u00bb animation_style=\u00bbfade\u00bb animation_delay=\u00bb300ms\u00bb global_module=\u00bb94&#8243; saved_tabs=\u00bball\u00bb global_colors_info=\u00bb{}\u00bb][et_pb_row column_structure=\u00bb1_3,2_3&#8243; _builder_version=\u00bb4.27.2&#8243; _module_preset=\u00bbdefault\u00bb global_colors_info=\u00bb{}\u00bb][et_pb_column type=\u00bb1_3&#8243; _builder_version=\u00bb4.27.2&#8243; _module_preset=\u00bbdefault\u00bb global_colors_info=\u00bb{}\u00bb][et_pb_image src=\u00bbhttps:\/\/floridainvestments.com\/faenaresidences\/wp-content\/uploads\/2024\/11\/logo@2x-01.png\u00bb title_text=\u00bblogo@2x-01&#8243; align_tablet=\u00bb\u00bb align_phone=\u00bbcenter\u00bb align_last_edited=\u00bbon|phone\u00bb _builder_version=\u00bb4.27.3&#8243; _module_preset=\u00bbdefault\u00bb width=\u00bb60%\u00bb custom_margin=\u00bb31px||||false|false\u00bb animation_style=\u00bbfade\u00bb global_colors_info=\u00bb{}\u00bb][\/et_pb_image][et_pb_blurb title=\u00bb9710 Stirling Rd, Ste 109  Hollywood, FL 33024&#8243; use_icon=\u00bbon\u00bb font_icon=\u00bb&#xf3c5;||fa||900&#8243; icon_color=\u00bb#FFFFFF\u00bb icon_placement=\u00bbleft\u00bb _builder_version=\u00bb4.27.2&#8243; _module_preset=\u00bbdefault\u00bb header_text_color=\u00bb#FFFFFF\u00bb header_font_size=\u00bb17px\u00bb header_line_height=\u00bb1.2em\u00bb width=\u00bb330px\u00bb animation_style=\u00bbfade\u00bb animation_delay=\u00bb200ms\u00bb animation=\u00bbleft\u00bb global_colors_info=\u00bb{}\u00bb][\/et_pb_blurb][et_pb_blurb title=\u00bbUS 954-447-4445&#8243; use_icon=\u00bbon\u00bb font_icon=\u00bb&#xe090;||divi||400&#8243; icon_color=\u00bb#FFFFFF\u00bb icon_placement=\u00bbleft\u00bb _builder_version=\u00bb4.27.2&#8243; _module_preset=\u00bbdefault\u00bb header_text_color=\u00bb#FFFFFF\u00bb header_font_size=\u00bb17px\u00bb header_line_height=\u00bb1.6em\u00bb width=\u00bb330px\u00bb animation_style=\u00bbfade\u00bb animation_delay=\u00bb400ms\u00bb animation=\u00bbleft\u00bb global_colors_info=\u00bb{}\u00bb][\/et_pb_blurb][et_pb_blurb title=\u00bbBS. AS. (+5411) 59842014&#8243; use_icon=\u00bbon\u00bb font_icon=\u00bb&#xe090;||divi||400&#8243; icon_color=\u00bb#FFFFFF\u00bb icon_placement=\u00bbleft\u00bb _builder_version=\u00bb4.27.2&#8243; _module_preset=\u00bbdefault\u00bb header_text_color=\u00bb#FFFFFF\u00bb header_font_size=\u00bb17px\u00bb header_line_height=\u00bb1.6em\u00bb width=\u00bb330px\u00bb animation_style=\u00bbfade\u00bb animation_delay=\u00bb600ms\u00bb animation=\u00bbleft\u00bb global_colors_info=\u00bb{}\u00bb][\/et_pb_blurb][et_pb_blurb title=\u00bb+1 (954) 445-0593&#8243; use_icon=\u00bbon\u00bb font_icon=\u00bb&#xf232;||fa||400&#8243; icon_color=\u00bb#FFFFFF\u00bb icon_placement=\u00bbleft\u00bb _builder_version=\u00bb4.27.2&#8243; _module_preset=\u00bbdefault\u00bb header_text_color=\u00bb#FFFFFF\u00bb header_font_size=\u00bb17px\u00bb header_line_height=\u00bb1.6em\u00bb width=\u00bb330px\u00bb animation_style=\u00bbfade\u00bb animation_delay=\u00bb600ms\u00bb animation=\u00bbleft\u00bb link_option_url=\u00bbhttps:\/\/walink.co\/ada25f\u00bb global_colors_info=\u00bb{}\u00bb][\/et_pb_blurb][\/et_pb_column][et_pb_column type=\u00bb2_3&#8243; _builder_version=\u00bb4.27.2&#8243; _module_preset=\u00bbdefault\u00bb global_colors_info=\u00bb{}\u00bb][et_pb_code _builder_version=\u00bb4.27.2&#8243; _module_preset=\u00bbdefault\u00bb animation_style=\u00bbfade\u00bb animation_delay=\u00bb200ms\u00bb global_colors_info=\u00bb{}\u00bb]<div class=\"forminator-ui forminator-custom-form forminator-custom-form-53 forminator-design--material  forminator_ajax\" data-forminator-render=\"0\" data-form=\"forminator-module-53\" data-uid=\"69ea538e91caa\"><br\/><\/div><form\n\t\t\t\tid=\"forminator-module-53\"\n\t\t\t\tclass=\"forminator-ui forminator-custom-form forminator-custom-form-53 forminator-design--material  forminator_ajax\"\n\t\t\t\tmethod=\"post\"\n\t\t\t\tdata-forminator-render=\"0\"\n\t\t\t\tdata-form-id=\"53\"\n\t\t\t\t data-color-option=\"default\" data-design=\"material\" data-grid=\"open\" style=\"display: none;\"\n\t\t\t\tdata-uid=\"69ea538e91caa\"\n\t\t\t><div role=\"alert\" aria-live=\"polite\" class=\"forminator-response-message forminator-error\" aria-hidden=\"true\"><\/div><div class=\"forminator-row\"><div id=\"name-1\" class=\"forminator-field-name forminator-col forminator-col-12 \"><div class=\"forminator-field\"><label for=\"forminator-field-name-1_69ea538e91caa\" id=\"forminator-field-name-1_69ea538e91caa-label\" class=\"forminator-label\">Name <span class=\"forminator-required\">*<\/span><\/label><input type=\"text\" name=\"name-1\" value=\"\" placeholder=\"\" id=\"forminator-field-name-1_69ea538e91caa\" class=\"forminator-input forminator-name--field\" aria-required=\"true\" autocomplete=\"name\" \/><\/div><\/div><\/div><div class=\"forminator-row\"><div id=\"email-1\" class=\"forminator-field-email forminator-col forminator-col-6 \"><div class=\"forminator-field\"><label for=\"forminator-field-email-1_69ea538e91caa\" id=\"forminator-field-email-1_69ea538e91caa-label\" class=\"forminator-label\">Email <span class=\"forminator-required\">*<\/span><\/label><input type=\"email\" name=\"email-1\" value=\"\" placeholder=\"\" id=\"forminator-field-email-1_69ea538e91caa\" class=\"forminator-input forminator-email--field\" data-required=\"1\" aria-required=\"true\" autocomplete=\"email\" \/><\/div><\/div><div id=\"phone-1\" class=\"forminator-field-phone forminator-col forminator-col-6 \"><div class=\"forminator-field\"><label for=\"forminator-field-phone-1_69ea538e91caa\" id=\"forminator-field-phone-1_69ea538e91caa-label\" class=\"forminator-label\">Phone <span class=\"forminator-required\">*<\/span><\/label><input type=\"text\" name=\"phone-1\" value=\"\" placeholder=\"\" id=\"forminator-field-phone-1_69ea538e91caa\" class=\"forminator-input forminator-field--phone\" data-required=\"1\" aria-required=\"true\" autocomplete=\"off\" \/><\/div><\/div><\/div><div class=\"forminator-row\"><div id=\"textarea-1\" class=\"forminator-field-textarea forminator-col forminator-col-12 \"><div class=\"forminator-field\"><label for=\"forminator-field-textarea-1_69ea538e91caa\" id=\"forminator-field-textarea-1_69ea538e91caa-label\" class=\"forminator-label\">Questions? <span class=\"forminator-required\">*<\/span><\/label><textarea name=\"textarea-1\" placeholder=\"\" id=\"forminator-field-textarea-1_69ea538e91caa\" class=\"forminator-textarea\" rows=\"6\" style=\"min-height:140px;\" ><\/textarea><\/div><\/div><\/div><div class=\"forminator-row\"><div id=\"captcha-1\" class=\"forminator-field-captcha forminator-col forminator-col-12 \"><div class=\"forminator-captcha-left forminator-g-recaptcha recaptcha-invisible\" data-theme=\"light\" data-badge=\"bottomleft\" data-sitekey=\"6LejeHgqAAAAAO-J9su3ZBnTkg-0sTJ7qmScGVC8\" data-size=\"invisible\"><\/div> <\/div><\/div><input type=\"hidden\" name=\"referer_url\" value=\"\" \/><div class=\"forminator-row forminator-row-last\"><div class=\"forminator-col\"><div class=\"forminator-field\"><button class=\"forminator-button forminator-button-submit\"><span>Send<\/span><span aria-hidden=\"true\"><\/span><\/button><\/div><\/div><\/div><input type=\"hidden\" id=\"forminator_nonce\" name=\"forminator_nonce\" value=\"7d08c16865\" \/><input type=\"hidden\" name=\"_wp_http_referer\" value=\"\/faenaresidences\/wp-json\/wp\/v2\/pages\/149\" \/><input type=\"hidden\" name=\"form_id\" value=\"53\"><input type=\"hidden\" name=\"page_id\" value=\"149\"><input type=\"hidden\" name=\"form_type\" value=\"default\"><input type=\"hidden\" name=\"current_url\" value=\"https:\/\/floridainvestments.com\/faenaresidences\/por-que-invertir-con-nosotros\/\"><input type=\"hidden\" name=\"render_id\" value=\"0\"><input type=\"hidden\" name=\"action\" value=\"forminator_submit_form_custom-forms\"><\/form>[\/et_pb_code][\/et_pb_column][\/et_pb_row][\/et_pb_section]<\/p>\n","protected":false},"excerpt":{"rendered":"<p>\u00bfPor qu\u00e9 invertir con nosotros?Recibir\u00e1 incentivos exclusivos, por el solo hecho de asistir al evento. Invitaci\u00f3n a la cena de gala de la inauguraci\u00f3n del proyecto (exclusivo para nuestros clientes) Una cena en el hotel Faena de Miami, disponible al d\u00eda siguiente de firmar el contrato de compra. Hemos separado &amp; elegido las mejores unidades [&hellip;]<\/p>\n","protected":false},"author":1,"featured_media":0,"parent":0,"menu_order":0,"comment_status":"closed","ping_status":"closed","template":"","meta":{"_et_pb_use_builder":"on","_et_pb_old_content":"","_et_gb_content_width":"","footnotes":""},"class_list":["post-149","page","type-page","status-publish","hentry"],"yoast_head":"<!-- This site is optimized with the Yoast SEO plugin v26.9 - https:\/\/yoast.com\/product\/yoast-seo-wordpress\/ -->\n<title>\u00bfPor qu\u00e9 invertir con nosotros? - Faena Residences Miami<\/title>\n<meta name=\"robots\" content=\"index, follow, max-snippet:-1, max-image-preview:large, max-video-preview:-1\" \/>\n<link rel=\"canonical\" href=\"https:\/\/floridainvestments.com\/faenaresidences\/por-que-invertir-con-nosotros\/\" \/>\n<meta property=\"og:locale\" content=\"es_ES\" \/>\n<meta property=\"og:type\" content=\"article\" \/>\n<meta property=\"og:title\" content=\"\u00bfPor qu\u00e9 invertir con nosotros? - Faena Residences Miami\" \/>\n<meta property=\"og:description\" content=\"\u00bfPor qu\u00e9 invertir con nosotros?Recibir\u00e1 incentivos exclusivos, por el solo hecho de asistir al evento. Invitaci\u00f3n a la cena de gala de la inauguraci\u00f3n del proyecto (exclusivo para nuestros clientes) Una cena en el hotel Faena de Miami, disponible al d\u00eda siguiente de firmar el contrato de compra. Hemos separado &amp; elegido las mejores unidades [&hellip;]\" \/>\n<meta property=\"og:url\" content=\"https:\/\/floridainvestments.com\/faenaresidences\/por-que-invertir-con-nosotros\/\" \/>\n<meta property=\"og:site_name\" content=\"Faena Residences Miami\" \/>\n<meta property=\"article:modified_time\" content=\"2025-01-13T14:19:32+00:00\" \/>\n<meta property=\"og:image\" content=\"https:\/\/floridainvestments.com\/faenaresidences\/wp-content\/uploads\/2024\/11\/01-1.jpg\" \/>\n\t<meta property=\"og:image:width\" content=\"1156\" \/>\n\t<meta property=\"og:image:height\" content=\"896\" \/>\n\t<meta property=\"og:image:type\" content=\"image\/jpeg\" \/>\n<meta name=\"twitter:card\" content=\"summary_large_image\" \/>\n<meta name=\"twitter:label1\" content=\"Tiempo de lectura\" \/>\n\t<meta name=\"twitter:data1\" content=\"5 minutos\" \/>\n<script type=\"application\/ld+json\" class=\"yoast-schema-graph\">{\"@context\":\"https:\/\/schema.org\",\"@graph\":[{\"@type\":\"WebPage\",\"@id\":\"https:\/\/floridainvestments.com\/faenaresidences\/por-que-invertir-con-nosotros\/\",\"url\":\"https:\/\/floridainvestments.com\/faenaresidences\/por-que-invertir-con-nosotros\/\",\"name\":\"\u00bfPor qu\u00e9 invertir con nosotros? - Faena Residences Miami\",\"isPartOf\":{\"@id\":\"https:\/\/floridainvestments.com\/faenaresidences\/#website\"},\"datePublished\":\"2024-11-08T21:38:55+00:00\",\"dateModified\":\"2025-01-13T14:19:32+00:00\",\"breadcrumb\":{\"@id\":\"https:\/\/floridainvestments.com\/faenaresidences\/por-que-invertir-con-nosotros\/#breadcrumb\"},\"inLanguage\":\"es\",\"potentialAction\":[{\"@type\":\"ReadAction\",\"target\":[\"https:\/\/floridainvestments.com\/faenaresidences\/por-que-invertir-con-nosotros\/\"]}]},{\"@type\":\"BreadcrumbList\",\"@id\":\"https:\/\/floridainvestments.com\/faenaresidences\/por-que-invertir-con-nosotros\/#breadcrumb\",\"itemListElement\":[{\"@type\":\"ListItem\",\"position\":1,\"name\":\"Portada\",\"item\":\"https:\/\/floridainvestments.com\/faenaresidences\/\"},{\"@type\":\"ListItem\",\"position\":2,\"name\":\"\u00bfPor qu\u00e9 invertir con nosotros?\"}]},{\"@type\":\"WebSite\",\"@id\":\"https:\/\/floridainvestments.com\/faenaresidences\/#website\",\"url\":\"https:\/\/floridainvestments.com\/faenaresidences\/\",\"name\":\"Faena Residences Miami\",\"description\":\"Redefines luxury living with a perfect blend of architectural innovation and artistic sophistication\",\"potentialAction\":[{\"@type\":\"SearchAction\",\"target\":{\"@type\":\"EntryPoint\",\"urlTemplate\":\"https:\/\/floridainvestments.com\/faenaresidences\/?s={search_term_string}\"},\"query-input\":{\"@type\":\"PropertyValueSpecification\",\"valueRequired\":true,\"valueName\":\"search_term_string\"}}],\"inLanguage\":\"es\"}]}<\/script>\n<!-- \/ Yoast SEO plugin. -->","yoast_head_json":{"title":"\u00bfPor qu\u00e9 invertir con nosotros? - Faena Residences Miami","robots":{"index":"index","follow":"follow","max-snippet":"max-snippet:-1","max-image-preview":"max-image-preview:large","max-video-preview":"max-video-preview:-1"},"canonical":"https:\/\/floridainvestments.com\/faenaresidences\/por-que-invertir-con-nosotros\/","og_locale":"es_ES","og_type":"article","og_title":"\u00bfPor qu\u00e9 invertir con nosotros? - Faena Residences Miami","og_description":"\u00bfPor qu\u00e9 invertir con nosotros?Recibir\u00e1 incentivos exclusivos, por el solo hecho de asistir al evento. Invitaci\u00f3n a la cena de gala de la inauguraci\u00f3n del proyecto (exclusivo para nuestros clientes) Una cena en el hotel Faena de Miami, disponible al d\u00eda siguiente de firmar el contrato de compra. Hemos separado &amp; elegido las mejores unidades [&hellip;]","og_url":"https:\/\/floridainvestments.com\/faenaresidences\/por-que-invertir-con-nosotros\/","og_site_name":"Faena Residences Miami","article_modified_time":"2025-01-13T14:19:32+00:00","og_image":[{"width":1156,"height":896,"url":"https:\/\/floridainvestments.com\/faenaresidences\/wp-content\/uploads\/2024\/11\/01-1.jpg","type":"image\/jpeg"}],"twitter_card":"summary_large_image","twitter_misc":{"Tiempo de lectura":"5 minutos"},"schema":{"@context":"https:\/\/schema.org","@graph":[{"@type":"WebPage","@id":"https:\/\/floridainvestments.com\/faenaresidences\/por-que-invertir-con-nosotros\/","url":"https:\/\/floridainvestments.com\/faenaresidences\/por-que-invertir-con-nosotros\/","name":"\u00bfPor qu\u00e9 invertir con nosotros? - Faena Residences Miami","isPartOf":{"@id":"https:\/\/floridainvestments.com\/faenaresidences\/#website"},"datePublished":"2024-11-08T21:38:55+00:00","dateModified":"2025-01-13T14:19:32+00:00","breadcrumb":{"@id":"https:\/\/floridainvestments.com\/faenaresidences\/por-que-invertir-con-nosotros\/#breadcrumb"},"inLanguage":"es","potentialAction":[{"@type":"ReadAction","target":["https:\/\/floridainvestments.com\/faenaresidences\/por-que-invertir-con-nosotros\/"]}]},{"@type":"BreadcrumbList","@id":"https:\/\/floridainvestments.com\/faenaresidences\/por-que-invertir-con-nosotros\/#breadcrumb","itemListElement":[{"@type":"ListItem","position":1,"name":"Portada","item":"https:\/\/floridainvestments.com\/faenaresidences\/"},{"@type":"ListItem","position":2,"name":"\u00bfPor qu\u00e9 invertir con nosotros?"}]},{"@type":"WebSite","@id":"https:\/\/floridainvestments.com\/faenaresidences\/#website","url":"https:\/\/floridainvestments.com\/faenaresidences\/","name":"Faena Residences Miami","description":"Redefines luxury living with a perfect blend of architectural innovation and artistic sophistication","potentialAction":[{"@type":"SearchAction","target":{"@type":"EntryPoint","urlTemplate":"https:\/\/floridainvestments.com\/faenaresidences\/?s={search_term_string}"},"query-input":{"@type":"PropertyValueSpecification","valueRequired":true,"valueName":"search_term_string"}}],"inLanguage":"es"}]}},"_links":{"self":[{"href":"https:\/\/floridainvestments.com\/faenaresidences\/wp-json\/wp\/v2\/pages\/149","targetHints":{"allow":["GET"]}}],"collection":[{"href":"https:\/\/floridainvestments.com\/faenaresidences\/wp-json\/wp\/v2\/pages"}],"about":[{"href":"https:\/\/floridainvestments.com\/faenaresidences\/wp-json\/wp\/v2\/types\/page"}],"author":[{"embeddable":true,"href":"https:\/\/floridainvestments.com\/faenaresidences\/wp-json\/wp\/v2\/users\/1"}],"replies":[{"embeddable":true,"href":"https:\/\/floridainvestments.com\/faenaresidences\/wp-json\/wp\/v2\/comments?post=149"}],"version-history":[{"count":11,"href":"https:\/\/floridainvestments.com\/faenaresidences\/wp-json\/wp\/v2\/pages\/149\/revisions"}],"predecessor-version":[{"id":260,"href":"https:\/\/floridainvestments.com\/faenaresidences\/wp-json\/wp\/v2\/pages\/149\/revisions\/260"}],"wp:attachment":[{"href":"https:\/\/floridainvestments.com\/faenaresidences\/wp-json\/wp\/v2\/media?parent=149"}],"curies":[{"name":"wp","href":"https:\/\/api.w.org\/{rel}","templated":true}]}}